[INFO] fetching crate zed_script 0.1.1...
[INFO] checking zed_script-0.1.1 against master#e6e4f7ed1589e03bc2f6c5931c1a72e7947e8682 for beta-170-4
[INFO] extracting crate zed_script 0.1.1 into /workspace/builds/worker-4-tc2/source
[INFO] validating manifest of crates.io crate zed_script 0.1.1 on toolchain e6e4f7ed1589e03bc2f6c5931c1a72e7947e8682
[INFO] running `Command { std: CARGO_HOME="/workspace/cargo-home" RUSTUP_HOME="/workspace/rustup-home" "/workspace/cargo-home/bin/cargo" "+e6e4f7ed1589e03bc2f6c5931c1a72e7947e8682" "metadata" "--manifest-path" "Cargo.toml" "--no-deps", kill_on_drop: false }`
[INFO] started tweaking crates.io crate zed_script 0.1.1
[INFO] finished tweaking crates.io crate zed_script 0.1.1
[INFO] tweaked toml for crates.io crate zed_script 0.1.1 written to /workspace/builds/worker-4-tc2/source/Cargo.toml
[INFO] running `Command { std: CARGO_HOME="/workspace/cargo-home" RUSTUP_HOME="/workspace/rustup-home" __CARGO_TEST_CHANNEL_OVERRIDE_DO_NOT_USE_THIS="nightly" "/workspace/cargo-home/bin/cargo" "+e6e4f7ed1589e03bc2f6c5931c1a72e7947e8682" "generate-lockfile" "--manifest-path" "Cargo.toml" "-Zno-index-update", kill_on_drop: false }`
[INFO] running `Command { std: CARGO_HOME="/workspace/cargo-home" RUSTUP_HOME="/workspace/rustup-home" "/workspace/cargo-home/bin/cargo" "+e6e4f7ed1589e03bc2f6c5931c1a72e7947e8682" "fetch" "--manifest-path" "Cargo.toml", kill_on_drop: false }`
[INFO] running `Command { std: "docker" "create" "-v" "/var/lib/crater-agent-workspace/builds/worker-4-tc2/target:/opt/rustwide/target:rw,Z" "-v" "/var/lib/crater-agent-workspace/builds/worker-4-tc2/source:/opt/rustwide/workdir:ro,Z" "-v" "/var/lib/crater-agent-workspace/cargo-home:/opt/rustwide/cargo-home:ro,Z" "-v" "/var/lib/crater-agent-workspace/rustup-home:/opt/rustwide/rustup-home:ro,Z" "-e" "SOURCE_DIR=/opt/rustwide/workdir" "-e" "CARGO_TARGET_DIR=/opt/rustwide/target" "-e" "CARGO_HOME=/opt/rustwide/cargo-home" "-e" "RUSTUP_HOME=/opt/rustwide/rustup-home" "-w" "/opt/rustwide/workdir" "-m" "1610612736" "--user" "0:0" "--network" "none" "ghcr.io/rust-lang/crates-build-env/linux@sha256:19e73879b68f455e41552ea35293514db52ea292d993f571636dbffedb77a1ee" "/opt/rustwide/cargo-home/bin/cargo" "+e6e4f7ed1589e03bc2f6c5931c1a72e7947e8682" "metadata" "--no-deps" "--format-version=1", kill_on_drop: false }`
[INFO] [stdout] 51dec8868f232a88d3c908b4bad03352d4856e8da28da3ddc2273b5fcfef0198
[INFO] running `Command { std: "docker" "start" "-a" "51dec8868f232a88d3c908b4bad03352d4856e8da28da3ddc2273b5fcfef0198", kill_on_drop: false }`
[INFO] running `Command { std: "docker" "inspect" "51dec8868f232a88d3c908b4bad03352d4856e8da28da3ddc2273b5fcfef0198", kill_on_drop: false }`
[INFO] running `Command { std: "docker" "rm" "-f" "51dec8868f232a88d3c908b4bad03352d4856e8da28da3ddc2273b5fcfef0198", kill_on_drop: false }`
[INFO] [stdout] 51dec8868f232a88d3c908b4bad03352d4856e8da28da3ddc2273b5fcfef0198
[INFO] running `Command { std: "docker" "create" "-v" "/var/lib/crater-agent-workspace/builds/worker-4-tc2/target:/opt/rustwide/target:rw,Z" "-v" "/var/lib/crater-agent-workspace/builds/worker-4-tc2/source:/opt/rustwide/workdir:ro,Z" "-v" "/var/lib/crater-agent-workspace/cargo-home:/opt/rustwide/cargo-home:ro,Z" "-v" "/var/lib/crater-agent-workspace/rustup-home:/opt/rustwide/rustup-home:ro,Z" "-e" "SOURCE_DIR=/opt/rustwide/workdir" "-e" "CARGO_TARGET_DIR=/opt/rustwide/target" "-e" "CARGO_INCREMENTAL=0" "-e" "RUST_BACKTRACE=full" "-e" "RUSTFLAGS=--cap-lints=forbid" "-e" "RUSTDOCFLAGS=--cap-lints=forbid" "-e" "CARGO_HOME=/opt/rustwide/cargo-home" "-e" "RUSTUP_HOME=/opt/rustwide/rustup-home" "-w" "/opt/rustwide/workdir" "-m" "1610612736" "--user" "0:0" "--network" "none" "ghcr.io/rust-lang/crates-build-env/linux@sha256:19e73879b68f455e41552ea35293514db52ea292d993f571636dbffedb77a1ee" "/opt/rustwide/cargo-home/bin/cargo" "+e6e4f7ed1589e03bc2f6c5931c1a72e7947e8682" "check" "--frozen" "--all" "--all-targets" "--message-format=json", kill_on_drop: false }`
[INFO] [stdout] 66f744a6588627e1b2381d5830990f1d85982b7212c7e9f8a414b7e1eb898456
[INFO] running `Command { std: "docker" "start" "-a" "66f744a6588627e1b2381d5830990f1d85982b7212c7e9f8a414b7e1eb898456", kill_on_drop: false }`
[INFO] [stderr]    Compiling libc v0.2.144
[INFO] [stderr]    Compiling syn v1.0.109
[INFO] [stderr]    Compiling syn v2.0.18
[INFO] [stderr]     Checking bytes v0.5.6
[INFO] [stderr]    Compiling futures-task v0.3.28
[INFO] [stderr]     Checking pin-project-lite v0.1.12
[INFO] [stderr]    Compiling unicase v2.6.0
[INFO] [stderr]    Compiling indexmap v1.9.3
[INFO] [stderr]    Compiling futures-util v0.3.28
[INFO] [stderr]     Checking tracing v0.1.37
[INFO] [stderr]    Compiling serde v1.0.163
[INFO] [stderr]     Checking futures-io v0.3.28
[INFO] [stderr]     Checking http-body v0.3.1
[INFO] [stderr]    Compiling mime_guess v2.0.4
[INFO] [stderr]     Checking itoa v0.4.8
[INFO] [stderr]     Checking scopeguard v1.1.0
[INFO] [stderr]     Checking smallvec v1.10.0
[INFO] [stderr]     Checking httpdate v0.3.2
[INFO] [stderr]     Checking lock_api v0.3.4
[INFO] [stderr]     Checking base64 v0.13.1
[INFO] [stderr]     Checking iovec v0.1.4
[INFO] [stderr]     Checking net2 v0.2.38
[INFO] [stderr]     Checking signal-hook-registry v1.4.1
[INFO] [stderr]     Checking num_cpus v1.15.0
[INFO] [stderr]     Checking openssl-sys v0.9.88
[INFO] [stderr]     Checking socket2 v0.3.19
[INFO] [stderr]     Checking parking_lot_core v0.7.3
[INFO] [stderr]     Checking mio v0.6.23
[INFO] [stderr]     Checking parking_lot v0.10.2
[INFO] [stderr]     Checking mio-uds v0.6.8
[INFO] [stderr]    Compiling tokio-macros v0.2.6
[INFO] [stderr]    Compiling serial_test_derive v0.4.0
[INFO] [stderr]    Compiling pin-project-internal v1.1.0
[INFO] [stderr]    Compiling openssl-macros v0.1.1
[INFO] [stderr]    Compiling serde_derive v1.0.163
[INFO] [stderr]     Checking serial_test v0.4.0
[INFO] [stderr]     Checking tokio v0.2.25
[INFO] [stderr]     Checking openssl v0.10.53
[INFO] [stderr]     Checking pin-project v1.1.0
[INFO] [stderr]     Checking tracing-futures v0.2.5
[INFO] [stderr]     Checking native-tls v0.2.11
[INFO] [stderr]     Checking tokio-util v0.3.1
[INFO] [stderr]     Checking tokio-tls v0.3.1
[INFO] [stderr]     Checking h2 v0.2.7
[INFO] [stderr]     Checking serde_json v1.0.96
[INFO] [stderr]     Checking serde_urlencoded v0.7.1
[INFO] [stderr]     Checking hyper v0.13.10
[INFO] [stderr]     Checking hyper-tls v0.4.3
[INFO] [stderr]     Checking reqwest v0.10.10
[INFO] [stderr]     Checking zed_script v0.1.1 (/opt/rustwide/workdir)
[INFO] [stdout] error[E0583]: file not found for module `lol_match_dto`
[INFO] [stdout]   --> src/lib.rs:31:9
[INFO] [stdout]    |
[INFO] [stdout] 31 |         pub mod lol_match_dto;
[INFO] [stdout]    |         ^^^^^^^^^^^^^^^^^^^^^^
[INFO] [stdout]    |
[INFO] [stdout]    = help: to create the module `lol_match_dto`, create file "src/api_structs/match_v4/lol_match_dto.rs" or "src/api_structs/match_v4/lol_match_dto/mod.rs"
[INFO] [stdout] 
[INFO] [stdout] 
[INFO] [stdout] error[E0583]: file not found for module `lol_match_list_dto`
[INFO] [stdout]   --> src/lib.rs:32:9
[INFO] [stdout]    |
[INFO] [stdout] 32 |         pub mod lol_match_list_dto;
[INFO] [stdout]    |         ^^^^^^^^^^^^^^^^^^^^^^^^^^^
[INFO] [stdout]    |
[INFO] [stdout]    = help: to create the module `lol_match_list_dto`, create file "src/api_structs/match_v4/lol_match_list_dto.rs" or "src/api_structs/match_v4/lol_match_list_dto/mod.rs"
[INFO] [stdout] 
[INFO] [stdout] 
[INFO] [stdout] error[E0583]: file not found for module `lol_match_timeline_dto`
[INFO] [stdout]   --> src/lib.rs:33:9
[INFO] [stdout]    |
[INFO] [stdout] 33 |         pub mod lol_match_timeline_dto;
[INFO] [stdout]    |         ^^^^^^^^^^^^^^^^^^^^^^^^^^^^^^^
[INFO] [stdout]    |
[INFO] [stdout]    = help: to create the module `lol_match_timeline_dto`, create file "src/api_structs/match_v4/lol_match_timeline_dto.rs" or "src/api_structs/match_v4/lol_match_timeline_dto/mod.rs"
[INFO] [stdout] 
[INFO] [stdout] 
[INFO] [stdout] error[E0583]: file not found for module `lol_match_dto`
[INFO] [stdout]   --> src/lib.rs:31:9
[INFO] [stdout]    |
[INFO] [stdout] 31 |         pub mod lol_match_dto;
[INFO] [stdout]    |         ^^^^^^^^^^^^^^^^^^^^^^
[INFO] [stdout]    |
[INFO] [stdout]    = help: to create the module `lol_match_dto`, create file "src/api_structs/match_v4/lol_match_dto.rs" or "src/api_structs/match_v4/lol_match_dto/mod.rs"
[INFO] [stdout] 
[INFO] [stdout] 
[INFO] [stdout] error[E0583]: file not found for module `lol_match_list_dto`
[INFO] [stdout]   --> src/lib.rs:32:9
[INFO] [stdout]    |
[INFO] [stdout] 32 |         pub mod lol_match_list_dto;
[INFO] [stdout]    |         ^^^^^^^^^^^^^^^^^^^^^^^^^^^
[INFO] [stdout]    |
[INFO] [stdout]    = help: to create the module `lol_match_list_dto`, create file "src/api_structs/match_v4/lol_match_list_dto.rs" or "src/api_structs/match_v4/lol_match_list_dto/mod.rs"
[INFO] [stdout] 
[INFO] [stdout] 
[INFO] [stdout] error[E0583]: file not found for module `lol_match_timeline_dto`
[INFO] [stdout]   --> src/lib.rs:33:9
[INFO] [stdout]    |
[INFO] [stdout] 33 |         pub mod lol_match_timeline_dto;
[INFO] [stdout]    |         ^^^^^^^^^^^^^^^^^^^^^^^^^^^^^^^
[INFO] [stdout]    |
[INFO] [stdout]    = help: to create the module `lol_match_timeline_dto`, create file "src/api_structs/match_v4/lol_match_timeline_dto.rs" or "src/api_structs/match_v4/lol_match_timeline_dto/mod.rs"
[INFO] [stdout] 
[INFO] [stdout] 
[INFO] [stdout] error[E0432]: unresolved import `crate::api_structs::match_v4::lol_match_dto::MatchDto`
[INFO] [stdout]   --> src/league_api.rs:14:5
[INFO] [stdout]    |
[INFO] [stdout] 14 | use crate::api_structs::match_v4::lol_match_dto::MatchDto;
[INFO] [stdout]    |     ^^^^^^^^^^^^^^^^^^^^^^^^^^^^^^^^^^^^^^^^^^^^^^^^^^^^^ no `MatchDto` in `api_structs::match_v4::lol_match_dto`
[INFO] [stdout] 
[INFO] [stdout] 
[INFO] [stdout] error[E0432]: unresolved import `crate::api_structs::match_v4::lol_match_list_dto::MatchListDto`
[INFO] [stdout]   --> src/league_api.rs:15:5
[INFO] [stdout]    |
[INFO] [stdout] 15 | use crate::api_structs::match_v4::lol_match_list_dto::MatchListDto;
[INFO] [stdout]    |     ^^^^^^^^^^^^^^^^^^^^^^^^^^^^^^^^^^^^^^^^^^^^^^^^^^^^^^^^^^^^^^ no `MatchListDto` in `api_structs::match_v4::lol_match_list_dto`
[INFO] [stdout] 
[INFO] [stdout] 
[INFO] [stdout] error[E0432]: unresolved import `crate::api_structs::match_v4::lol_match_timeline_dto::MatchTimelineDto`
[INFO] [stdout]   --> src/league_api.rs:16:5
[INFO] [stdout]    |
[INFO] [stdout] 16 | use crate::api_structs::match_v4::lol_match_timeline_dto::MatchTimelineDto;
[INFO] [stdout]    |     ^^^^^^^^^^^^^^^^^^^^^^^^^^^^^^^^^^^^^^^^^^^^^^^^^^^^^^^^^^^^^^^^^^^^^^ no `MatchTimelineDto` in `api_structs::match_v4::lol_match_timeline_dto`
[INFO] [stdout] 
[INFO] [stdout] 
[INFO] [stdout] error[E0432]: unresolved import `crate::api_structs::match_v4::lol_match_dto::MatchDto`
[INFO] [stdout]   --> src/league_api.rs:14:5
[INFO] [stdout]    |
[INFO] [stdout] 14 | use crate::api_structs::match_v4::lol_match_dto::MatchDto;
[INFO] [stdout]    |     ^^^^^^^^^^^^^^^^^^^^^^^^^^^^^^^^^^^^^^^^^^^^^^^^^^^^^ no `MatchDto` in `api_structs::match_v4::lol_match_dto`
[INFO] [stdout] 
[INFO] [stdout] 
[INFO] [stdout] error[E0432]: unresolved import `crate::api_structs::match_v4::lol_match_list_dto::MatchListDto`
[INFO] [stdout]   --> src/league_api.rs:15:5
[INFO] [stdout]    |
[INFO] [stdout] 15 | use crate::api_structs::match_v4::lol_match_list_dto::MatchListDto;
[INFO] [stdout]    |     ^^^^^^^^^^^^^^^^^^^^^^^^^^^^^^^^^^^^^^^^^^^^^^^^^^^^^^^^^^^^^^ no `MatchListDto` in `api_structs::match_v4::lol_match_list_dto`
[INFO] [stdout] 
[INFO] [stdout] 
[INFO] [stdout] error[E0432]: unresolved import `crate::api_structs::match_v4::lol_match_timeline_dto::MatchTimelineDto`
[INFO] [stdout]   --> src/league_api.rs:16:5
[INFO] [stdout]    |
[INFO] [stdout] 16 | use crate::api_structs::match_v4::lol_match_timeline_dto::MatchTimelineDto;
[INFO] [stdout]    |     ^^^^^^^^^^^^^^^^^^^^^^^^^^^^^^^^^^^^^^^^^^^^^^^^^^^^^^^^^^^^^^^^^^^^^^ no `MatchTimelineDto` in `api_structs::match_v4::lol_match_timeline_dto`
[INFO] [stdout] 
[INFO] [stdout] 
[INFO] [stdout] error: aborting due to 6 previous errors
[INFO] [stdout] 
[INFO] [stdout] 
[INFO] [stdout] Some errors have detailed explanations: E0432, E0583.
[INFO] [stdout] 
[INFO] [stdout] For more information about an error, try `rustc --explain E0432`.
[INFO] [stdout] 
[INFO] [stderr] error: could not compile `zed_script` (lib) due to 7 previous errors
[INFO] [stderr] warning: build failed, waiting for other jobs to finish...
[INFO] [stdout] error: aborting due to 6 previous errors
[INFO] [stdout] 
[INFO] [stdout] 
[INFO] [stdout] Some errors have detailed explanations: E0432, E0583.
[INFO] [stdout] 
[INFO] [stdout] For more information about an error, try `rustc --explain E0432`.
[INFO] [stdout] 
[INFO] [stderr] error: could not compile `zed_script` (lib test) due to 7 previous errors
[INFO] running `Command { std: "docker" "inspect" "66f744a6588627e1b2381d5830990f1d85982b7212c7e9f8a414b7e1eb898456", kill_on_drop: false }`
[INFO] running `Command { std: "docker" "rm" "-f" "66f744a6588627e1b2381d5830990f1d85982b7212c7e9f8a414b7e1eb898456", kill_on_drop: false }`
[INFO] [stdout] 66f744a6588627e1b2381d5830990f1d85982b7212c7e9f8a414b7e1eb898456
